?
5
What is the tens digit of 345?
4
What is the units digit of 45755?
5
What is the units digit of 34?
4
What is the hundreds digit of 750?
7
What is the thousands digit of 55008?
5
What is the tens digit of 967?
6
What is the hundreds digit of 17806?
8
What is the units digit of 50552?
2
What is the units digit of 6914?
4
What is the units digit of 192?
2
What is the thousands digit of 89464?
9
What is the hundreds digit of 12636?
6
What is the hundreds digit of 12642?
6
What is the units digit of 75221?
1
What is the tens digit of 41153?
5
What is the tens digit of 704?
0
What is the units digit of 1555?
5
What is the hundreds digit of 9894?
8
What is the tens digit of 48885?
8
What is the thousands digit of 13349?
3
What is the units digit of 42185?
5
What is the tens digit of 2953?
5
What is the units digit of 5925?
5
What is the units digit of 8585?
5
What is the ten thousands digit of 11091?
1
What is the tens digit of 86?
8
What is the hundreds digit of 3808?
8
What is the units digit of 878?
8
What is the thousands digit of 8729?
8
What is the units digit of 373?
3
What is the hundreds digit of 429?
4
What is the units digit of 6050?
0
What is the thousands digit of 82592?
2
What is the tens digit of 712?
1
What is the hundreds digit of 28121?
1
What is the hundreds digit of 1012?
0
What is the thousands digit of 15974?
5
What is the units digit of 8743?
3
What is the tens digit of 657?
5
What is the tens digit of 3007?
0
What is the thousands digit of 1401?
1
What is the ten thousands digit of 51138?
5
What is the hundreds digit of 4150?
1
What is the units digit of 8492?
2
What is the tens digit of 2577?
7
What is the tens digit of 812?
1
What is the tens digit of 2305?
0
What is the thousands digit of 1660?
1
What is the ten thousands digit of 12674?
1
What is the thousands digit of 28162?
8
What is the ten thousands digit of 24329?
2
What is the hundred thousands digit of 117077?
1
What is the units digit of 1154?
4
What is the tens digit of 1041?
4
What is the hundreds digit of 4812?
8
What is the units digit of 3537?
7
What is the hundreds digit of 73836?
8
What is the thousands digit of 1118?
1
What is the hundreds digit of 2468?
4
What is the tens digit of 218?
1
What is the tens digit of 1089?
8
What is the units digit of 57460?
0
What is the units digit of 7501?
1
What is the hundreds digit of 468?
4
What is the thousands digit of 13153?
3
What is the thousands digit of 1509?
1
What is the thousands digit of 2659?
2
What is the hundreds digit of 3722?
7
What is the thousands digit of 4612?
4
What is the tens digit of 641?
4
What is the tens digit of 84?
8
What is the units digit of 480?
0
What is the tens digit of 419?
1
What is the hundreds digit of 8758?
7
What is the hundreds digit of 12381?
3
What is the hundreds digit of 18231?
2
What is the units digit of 2351?
1
What is the hundreds digit of 1523?
5
What is the tens digit of 22?
2
What is the units digit of 50?
0
What is the thousands digit of 1189?
1
What is the hundreds digit of 19426?
4
What is the tens digit of 21401?
0
What is the hundreds digit of 3180?
1
What is the units digit of 450?
0
What is the tens digit of 19253?
5
What is the thousands digit of 103755?
3
What is the thousands digit of 1012?
1
What is the units digit of 4906?
6
What is the thousands digit of 15981?
5
What is the thousands digit of 62296?
2
What is the units digit of 2073?
3
What is the tens digit of 121171?
7
What is the units digit of 10679?
9
What is the thousands digit of 10164?
0
What is the ten thousands digit of 34634?
3
What is the thousands digit of 9630?
9
What is the tens digit of 8059?
5
What is the hundreds digit of 41321?
3
What is the units digit of 1865?
5
What is the ten thousands digit of 116465?
1
What is the tens digit of 1051?
5
What is the hundreds digit of 1858?
8
What is the units digit of 14406?
6
What is the hundreds digit of 1114?
1
What is the tens digit of 1093?
9
What is the thousands digit of 3168?
3
What is the tens digit of 1209?
0
What is the hundreds digit of 2207?
2
What is the tens digit of 5259?
5
What is the units digit of 7272?
2
What is the hundreds digit of 19220?
2
What is the tens digit of 1668?
6
What is the units digit of 324?
4
What is the tens digit of 319?
1
What is the thousands digit of 7778?
7
What is the thousands digit of 1567?
1
What is the thousands digit of 18290?
8
What is the hundreds digit of 639?
6
What is the units digit of 3352?
2
What is the units digit of 17827?
7
What is the hundreds digit of 6718?
7
What is the hundreds digit of 7408?
4
What is the hundreds digit of 1759?
7
What is the hundreds digit of 42210?
2
What is the hundreds digit of 390?
3
What is the tens digit of 14530?
3
What is the tens digit of 45771?
7
What is the hundreds digit of 1425?
4
What is the units digit of 1051?
1
What is the hundreds digit of 652?
6
What is the tens digit of 24438?
3
What is the hundreds digit of 2425?
4
What is the tens digit of 33?
3
What is the units digit of 1909?
9
What is the tens digit of 390?
9
What is the thousands digit of 1256?
1
What is the tens digit of 122?
2
What is the hundreds digit of 2986?
9
What is the hundreds digit of 398?
3
What is the units digit of 4172?
2
What is the hundreds digit of 3246?
2
What is the thousands digit of 38553?
8
What is the hundreds digit of 97489?
4
What is the hundreds digit of 1344?
3
What is the thousands digit of 1678?
1
What is the tens digit of 12959?
5
What is the hundreds digit of 2039?
0
What is the tens digit of 1843?
4
What is the tens digit of 29651?
5
What is the tens digit of 2086?
8
What is the hundreds digit of 2060?
0
What is the hundreds digit of 126?
1
What is the hundreds digit of 605?
6
What is the tens digit of 1289?
8
What is the units digit of 171?
1
What is the thousands digit of 60419?
0
What is the thousands digit of 4404?
4
What is the thousands digit of 34347?
4
What is the tens digit of 7346?
4
What is the hundreds digit of 635?
6
What is the hundreds digit of 46098?
0
What is the units digit of 46869?
9
What is the hundreds digit of 1426?
4
What is the units digit of 743?
3
What is the hundreds digit of 7413?
4
What is the tens digit of 3730?
3
What is the units digit of 4171?
1
What is the hundreds digit of 1519?
5
What is the units digit of 14818?
8
What is the ten thousands digit of 28383?
2
What is the hundreds digit of 2544?
5
What is the hundreds digit of 2829?
8
What is the hundreds digit of 1089?
0
What is the units digit of 4857?
7
What is the thousands digit of 8917?
8
What is the ten thousands digit of 11077?
1
What is the thousands digit of 1012?
1
What is the tens digit of 18106?
0
What is the hundreds digit of 274?
2
What is the hundreds digit of 12237?
2
What is the hundreds digit of 146?
1
What is the hundreds digit of 6832?
8
What is the thousands digit of 3189?
3
What is the units digit of 42880?
0
What is the tens digit of 117566?
6
What is the hundreds digit of 2058?
0
What is the units digit of 1426?
6
What is the units digit of 1242?
2
What is the tens digit of 83814?
1
What is the thousands digit of 4594?
4
What is the hundreds digit of 109650?
6
What is the units digit of 3384?
4
What is the units digit of 2936?
6
What is the units digit of 4291?
1
What is the units digit of 998?
8
What is the units digit of 431?
1
What is the hundreds digit of 1034?
0
What is the units digit of 2794?
4
What is the units digit of 144941?
1
What is the thousands digit of 1576?
1
What is the hundreds digit of 37621?
6
What is the units digit of 17679?
9
What is the tens digit of 472?
7
What is the hundreds digit of 8005?
0
What is the hundreds digit of 17822?
8
What is the hundreds digit of 16917?
9
What is the tens digit of 458?
5
What is the units digit of 1127?
7
What is the ten thousands digit of 85282?
8
What is the thousands digit of 1662?
1
What is the hundreds digit of 2344?
3
What is the tens digit of 3887?
8
What is the thousands digit of 1054?
1
What is the thousands digit of 1605?
1
What is the hundreds digit of 2990?
9
What is the tens digit of 1653?
5
What is the units digit of 8445?
5
What is the units digit of 32601?
1
What is the hundreds digit of 29072?
0
What is the ten thousands digit of 17697?
1
What is the units digit of 8